{"id":20,"date":"2025-02-20T13:52:52","date_gmt":"2025-02-20T12:52:52","guid":{"rendered":"https:\/\/gite-bortu-lilia.fr\/?page_id=20"},"modified":"2025-03-04T14:44:06","modified_gmt":"2025-03-04T13:44:06","slug":"site-en-cours-de-maintenance","status":"publish","type":"page","link":"https:\/\/gite-bortu-lilia.fr\/index.php\/site-en-cours-de-maintenance\/","title":{"rendered":"Site en cours de maintenance"},"content":{"rendered":"<div class=\"is-default-size aligncenter wp-block-site-logo\"><a href=\"https:\/\/gite-bortu-lilia.fr\/\" class=\"custom-logo-link\" rel=\"home\"><img loading=\"lazy\" decoding=\"async\" width=\"2560\" height=\"2560\" src=\"https:\/\/gite-bortu-lilia.fr\/wp-content\/uploads\/2025\/02\/LOGO-Gite-Bortu-Lilia-100x100.png\" class=\"custom-logo\" alt=\"Logo g\u00eete Bortu Lilia\" srcset=\"https:\/\/gite-bortu-lilia.fr\/wp-content\/uploads\/2025\/02\/LOGO-Gite-Bortu-Lilia.png 2560w, https:\/\/gite-bortu-lilia.fr\/wp-content\/uploads\/2025\/02\/LOGO-Gite-Bortu-Lilia-300x300.png 300w, https:\/\/gite-bortu-lilia.fr\/wp-content\/uploads\/2025\/02\/LOGO-Gite-Bortu-Lilia-1024x1024.png 1024w, https:\/\/gite-bortu-lilia.fr\/wp-content\/uploads\/2025\/02\/LOGO-Gite-Bortu-Lilia-150x150.png 150w, https:\/\/gite-bortu-lilia.fr\/wp-content\/uploads\/2025\/02\/LOGO-Gite-Bortu-Lilia-768x768.png 768w, https:\/\/gite-bortu-lilia.fr\/wp-content\/uploads\/2025\/02\/LOGO-Gite-Bortu-Lilia-1536x1536.png 1536w, https:\/\/gite-bortu-lilia.fr\/wp-content\/uploads\/2025\/02\/LOGO-Gite-Bortu-Lilia-2048x2048.png 2048w, https:\/\/gite-bortu-lilia.fr\/wp-content\/uploads\/2025\/02\/LOGO-Gite-Bortu-Lilia-100x100.png 100w\" sizes=\"auto, (max-width: 2560px) 100vw, 2560px\" \/><\/a><\/div>\n\n\n<h2 class=\"wp-block-heading has-text-align-center has-large-font-size\">Bienvenue sur le site du g\u00eete Bort\u00fc Lilia. Le site est en cours de construction, merci de patienter !<br>En attendant, admirez le paysage&#8230;<\/h2>\n\n\n\n<figure class=\"wp-block-image alignfull size-large\"><img alt=\"\" loading=\"lazy\" decoding=\"async\" width=\"1024\" height=\"761\" src=\"https:\/\/gite-bortu-lilia.fr\/wp-content\/uploads\/2025\/02\/CH-02-Joubarbe-_02_390x290mm-1024x761.jpg\" alt=\"\" class=\"wp-image-25\" srcset=\"https:\/\/gite-bortu-lilia.fr\/wp-content\/uploads\/2025\/02\/CH-02-Joubarbe-_02_390x290mm-1024x761.jpg 1024w, https:\/\/gite-bortu-lilia.fr\/wp-content\/uploads\/2025\/02\/CH-02-Joubarbe-_02_390x290mm-300x223.jpg 300w, https:\/\/gite-bortu-lilia.fr\/wp-content\/uploads\/2025\/02\/CH-02-Joubarbe-_02_390x290mm-768x571.jpg 768w, https:\/\/gite-bortu-lilia.fr\/wp-content\/uploads\/2025\/02\/CH-02-Joubarbe-_02_390x290mm-1536x1142.jpg 1536w, https:\/\/gite-bortu-lilia.fr\/wp-content\/uploads\/2025\/02\/CH-02-Joubarbe-_02_390x290mm-2048x1523.jpg 2048w\" sizes=\"auto, (max-width: 1024px) 100vw, 1024px\" \/><\/figure>\n","protected":false},"excerpt":{"rendered":"<p>Bienvenue sur le site du g\u00eete Bort\u00fc Lilia. Le site est en cours de construction, merci de patienter !En attendant, [&hellip;]<\/p>\n","protected":false},"author":1,"featured_media":0,"parent":0,"menu_order":0,"comment_status":"closed","ping_status":"closed","template":"","meta":{"_seopress_robots_primary_cat":"","_seopress_titles_title":"Bienvenue au g\u00eete Bort\u00fc Lilia","_seopress_titles_desc":"Situ\u00e9 \u00e0 Aroue, le g\u00eete Bort\u00fc Lilia est en cours de maintenance, nous reviendrons bient\u00f4t.","_seopress_robots_index":"","site-sidebar-layout":"default","site-content-layout":"","ast-site-content-layout":"","site-content-style":"default","site-sidebar-style":"default","ast-global-header-display":"","ast-banner-title-visibility":"","ast-main-header-display":"","ast-hfb-above-header-display":"","ast-hfb-below-header-display":"","ast-hfb-mobile-header-display":"","site-post-title":"disabled","ast-breadcrumbs-content":"","ast-featured-img":"","footer-sml-layout":"","ast-disable-related-posts":"","theme-transparent-header-meta":"","adv-header-id-meta":"","stick-header-meta":"","header-above-stick-meta":"","header-main-stick-meta":"","header-below-stick-meta":"","astra-migrate-meta-layouts":"default","ast-page-background-enabled":"default","ast-page-background-meta":{"desktop":{"background-color":"var(--ast-global-color-5)","background-image":"","background-repeat":"repeat","background-position":"center center","background-size":"auto","background-attachment":"scroll","background-type":"","background-media":"","overlay-type":"","overlay-color":"","overlay-opacity":"","overlay-gradient":""},"tablet":{"background-color":"","background-image":"","background-repeat":"repeat","background-position":"center center","background-size":"auto","background-attachment":"scroll","background-type":"","background-media":"","overlay-type":"","overlay-color":"","overlay-opacity":"","overlay-gradient":""},"mobile":{"background-color":"","background-image":"","background-repeat":"repeat","background-position":"center center","background-size":"auto","background-attachment":"scroll","background-type":"","background-media":"","overlay-type":"","overlay-color":"","overlay-opacity":"","overlay-gradient":""}},"ast-content-background-meta":{"desktop":{"background-color":"var(--ast-global-color-4)","background-image":"","background-repeat":"repeat","background-position":"center center","background-size":"auto","background-attachment":"scroll","background-type":"","background-media":"","overlay-type":"","overlay-color":"","overlay-opacity":"","overlay-gradient":""},"tablet":{"background-color":"var(--ast-global-color-4)","background-image":"","background-repeat":"repeat","background-position":"center center","background-size":"auto","background-attachment":"scroll","background-type":"","background-media":"","overlay-type":"","overlay-color":"","overlay-opacity":"","overlay-gradient":""},"mobile":{"background-color":"var(--ast-global-color-4)","background-image":"","background-repeat":"repeat","background-position":"center center","background-size":"auto","background-attachment":"scroll","background-type":"","background-media":"","overlay-type":"","overlay-color":"","overlay-opacity":"","overlay-gradient":""}},"footnotes":""},"class_list":["post-20","page","type-page","status-publish","hentry"],"_links":{"self":[{"href":"https:\/\/gite-bortu-lilia.fr\/index.php\/wp-json\/wp\/v2\/pages\/20","targetHints":{"allow":["GET"]}}],"collection":[{"href":"https:\/\/gite-bortu-lilia.fr\/index.php\/wp-json\/wp\/v2\/pages"}],"about":[{"href":"https:\/\/gite-bortu-lilia.fr\/index.php\/wp-json\/wp\/v2\/types\/page"}],"author":[{"embeddable":true,"href":"https:\/\/gite-bortu-lilia.fr\/index.php\/wp-json\/wp\/v2\/users\/1"}],"replies":[{"embeddable":true,"href":"https:\/\/gite-bortu-lilia.fr\/index.php\/wp-json\/wp\/v2\/comments?post=20"}],"version-history":[{"count":5,"href":"https:\/\/gite-bortu-lilia.fr\/index.php\/wp-json\/wp\/v2\/pages\/20\/revisions"}],"predecessor-version":[{"id":169,"href":"https:\/\/gite-bortu-lilia.fr\/index.php\/wp-json\/wp\/v2\/pages\/20\/revisions\/169"}],"wp:attachment":[{"href":"https:\/\/gite-bortu-lilia.fr\/index.php\/wp-json\/wp\/v2\/media?parent=20"}],"curies":[{"name":"wp","href":"https:\/\/api.w.org\/{rel}","templated":true}]}}